Suppose 0 = 3*l - 254 + 68. Suppose 3*r + 0*r - l = -5*f, -5*r = 3*f - 114. What is the remainder when r is divided by y?
6
Let v = 37 + 7. Suppose 0 = -6*i + v + 82. What is the remainder when 71 is divided by i?
8
Let n(y) = -3*y**3 - 10*y**2 - 37*y + 3. Let z(u) = 4*u**3 + 9*u**2 + 36*u - 3. Let h(c) = 3*n(c) + 2*z(c). Calculate the remainder when h(-8) is divided by 21.
17
Let m(s) be the second derivative of s**3/6 + 129*s**2/2 + 16*s + 2. What is the remainder when m(-32) is divided by 49?
48
Let f = -75 - 49. What is the remainder when 438 is divided by (-4)/(-6)*(1 - f/8)?
9
Suppose -4*y + 8 = 0, -y + 5 = 2*s - 1. Suppose -5*h + 5*a + 15 = 0, 23 = 3*h + 2*a + s*a. Calculate the remainder when 11 is divided by h.
1
Let u be (-8193)/18*-1 - (-1)/(-6). Suppose -12*t + 13*t = u. Calculate the remainder when t is divided by 57.
56
Let g(r) = -5*r + 31. Let w be g(6). Suppose -3*l = b - w, b = 2*b - 5*l + 7. What is the remainder when 2/(b - 0)*(-87)/3 is divided by 15?
14
Let v = -730 - -1023. Let h = v - 277. What is the remainder when 63 is divided by h?
15
Let g(s) = 753*s - 9607. What is the remainder when 8916 is divided by g(13)?
180
Suppose 57 = -2*x + 5*x. Let k = -3948 - -4037. Calculate the remainder when k is divided by x.
13
Suppose -22*m + 5*c + 221 = -19*m, 0 = -5*m - c + 387. Suppose -5*u - w = -7*u + 71, 161 = 5*u + 3*w. Calculate the remainder when m is divided by u.
9
Let z(f) be the third derivative of f**4/24 - 5*f**3/3 - f**2 + 4. Calculate the remainder when ((31 + -1)/(-3))/(-2) is divided by z(14).
1
Let d = -13 - 67. Let l = -55 - d. Let b = 2 + 5. What is the remainder when l is divided by b?
4
Suppose -5*k = -z - 1836, -3*k + z + 1228 - 128 = 0. What is the remainder when k is divided by 93?
89
Suppose -56 = 2*v - 4*v - 4*g, 2*g + 8 = 0. Suppose 99*q = 98*q + 37. Calculate the remainder when q is divided by 14 - (v/3)/3.
7
Suppose -3*k - a = -5 + 29, 0 = -5*k - a - 38. Let g(u) = -u**2 - 10*u - 8. What is the remainder when 1/6*914 - 50/(-30) is divided by g(k)?
11
Let j = 1533 - 1513. Let y = 316 - 198. Calculate the remainder when y is divided by j.
18
Let k(z) = z**3 + 22*z**2 - 23*z + 49. Let o be k(-22). Let j = -521 + o. Calculate the remainder when j is divided by 17.
0
Let l = -28914 - -29008. Let p = 1 + -108. Let d = -73 - p. What is the remainder when l is divided by d?
26
Suppose 15*n - 5011 - 7364 = 0. What is the remainder when n is divided by 59?
58
Let l be 3888/(-15) - -2 - 26/(-130). Let d = -226 - l. What is the remainder when d is divided by 12?
7
Suppose -7*o + 508 = -521. Suppose 90*h - 93*h = -o. What is the remainder when h is divided by 17?
15
Let q(s) = -3*s**3 - 8*s**2 - 48*s + 117. What is the remainder when q(-6) is divided by 6?
3
Suppose -4*g + 494 = 5*r, 0*g = -5*r + 5*g + 530. Calculate the remainder when 284 is divided by r.
80
Let h be 17/((-170)/(-140)) + -4. Suppose -f + 7*j + 24 = h*j, 5*f = -3*j + 72. Let k = -15 - -59. Calculate the remainder when k is divided by f.
8
Let v(t) = 5*t - 10. Suppose 0*l - l = 2*l. Suppose l = -31*x + 33*x - 154. What is the remainder when x is divided by v(4)?
7
Suppose -2*u = -3*u - 4*u. Suppose u = -6*t + 322 - 172. Calculate the remainder when t is divided by 9.
7
Suppose -23*g - 22739 = -43*g + 36281. What is the remainder when g is divided by 29?
22
Let r = -691 - -746. Suppose d = -22 + 184. Calculate the remainder when d is divided by r.
52
Suppose -21*u + 2040 = 30*u. Suppose 4*g - 4*f - u = 0, -2*g - 5*f + 6 = -0*f. What is the remainder when 18 is divided by g?
2
Suppose 4*c = -7*q + 12*q + 262, 3*q + 4*c = -170. Let l(j) = 8*j + 437. Calculate the remainder when -5*((-2 - 2) + 1) is divided by l(q).
0
Suppose -47*a + 191*a + 326*a - 19740 = 0. Suppose 0 = -3*t + 4*v + 249, 3*t + t - 332 = 2*v. What is the remainder when t is divided by a?
41
Let v be (-786)/(-15)*(-10)/(-4)*-1. Let j = v - 65. Let l = j + 277. Calculate the remainder when l is divided by 14.
11
Suppose 13*x + x + 196 = 0. Let q(h) = -6*h - 79. Let d = 8 - 4. Calculate the remainder when q(x) is divided by d.
1
Suppose -154 = 2*n + 4. Let x = 148 + n. Calculate the remainder when x is divided by 24.
21
Suppose -23*v - 10*v - 24*v = -50160. What is the remainder when v is divided by 39?
22
Let f = 4412 - 4089. Calculate the remainder when f is divided by 286.
37
Let b(h) = h**3 - 9*h**2 - 72*h + 32. Let q be b(14). Let n = -8 - -19. Let l = n - q. Calculate the remainder when 11 is divided by l.
4
Let b(h) = -5*h**3 + 3*h**2 + 3*h + 4. Suppose -5*z + 3*r = -732, 3*z - r - 446 = -6*r. What is the remainder when z is divided by b(-2)?
47
Let v(o) = -o**2 - 17*o - 48. What is the remainder when 182 is divided by v(-7)?
6
Let w(y) = -19*y - 28. Suppose 495 = -55*z + 66*z. Calculate the remainder when w(-18) is divided by z.
44
Suppose k - 15 = -41. Let o(m) = 65*m - 25. Let d be o(1). Let g = d + k. Calculate the remainder when 82 is divided by g.
12
Calculate the remainder when 343 is divided by (-1 - 50/(-14))/(8 + 4464/(-560)).
73
Suppose 0 = 51*n - 52*n + 2260. Calculate the remainder when n is divided by 63.
55
Let p(m) = m**2 + 18*m + 17. Let q be p(-17). Suppose 20 = -0*f + 4*f, -3*j + 5*f - 28 = q. Calculate the remainder when -3*j/(-3)*(-138)/2 is divided by 8.
5
Suppose -5*t + 59 = 54. Let z be ((-3)/(-6) + 2)*(3 - t). Suppose 2*k - 16 = g - z*g, 5*k + g - 40 = 0. Calculate the remainder when 39 is divided by k.
7
Suppose -102*k = -106*k - 1404. Let o = k + 502. What is the remainder when o is divided by 42?
25
Calculate the remainder when 1000 is divided by (740 - -10)/10*(5 - 92/20).
10
Suppose -c = 9*t - 5555, -22*c - 2*t + 28162 = -17*c. Calculate the remainder when c is divided by 38.
12
Suppose -810 = -5*x + 11*k - 6*k, -3*k + 826 = 5*x. Suppose 7*o - 26 = 72. Calculate the remainder when x is divided by o.
10
Let y = 553 - 527. Suppose 0 = -y*l + 35*l - 234. What is the remainder when 146 is divided by l?
16
Suppose -842 = -30*z + 4*l, -10*l = -6*l + 32. What is the remainder when 361 is divided by z?
10
Suppose 4*a + 3753 = 2*b + 1341, 4*b + a - 4842 = 0. What is the remainder when b is divided by 599?
12
Let h(f) = 2*f**2 - 198*f - 527. What is the remainder when h(106) is divided by 73?
8
Let r = 18906 + -18896. What is the remainder when 13267 is divided by r?
7
Suppose -3*j = 8*j + 5043 - 12710. Calculate the remainder when j is divided by 117.
112
Let j = -319 + 479. Calculate the remainder when j is divided by (-32)/128 + 2850/456.
4
Suppose 100 = 5*o + 5*a, -2*o - 3*a - 21 = -65. Suppose -2*d = -d - o. What is the remainder when 69 is divided by d?
5
Let d(c) = 332*c + 6013. What is the remainder when 117 is divided by d(-18)?
6
Let h = 84 - 43. Suppose -2*d - 48 + 50 = 0. What is the remainder when h is divided by d + 13 - (-5 + 4)?
11
What is the remainder when 33 + 52/14 + 20/70 is divided by 4/((-4)/(-9))*3?
10
Suppose 3*f = -3*k - 159, 4*f + 203 = 2*k + 3*k. Let r be (-39)/f - 17/(-4). Let u(g) = g**2 - 2*g + 6. Calculate the remainder when 40 is divided by u(r).
19
Suppose -4*s = -z - 1326 - 759, -3*z + 1039 = 2*s. Let q = 19 - 9. Suppose q*i - s = 119. What is the remainder when i is divided by 14?
8
Calculate the remainder when 1074 is divided by (45/18)/(-3 - 427/(-142)).
9
Let b(h) = -6*h + 38. Let a be b(3). Suppose 0 = 11*d - 13*d + a. Calculate the remainder when 39 is divided by d.
9
Let y(p) = 29*p + 279. Let u(g) = 7*g + 70. Let x(k) = 9*u(k) - 2*y(k). What is the remainder when x(11) is divided by 23?
12
Suppose 3*i = 8*v - 4*v - 263, -i + 259 = 4*v. What is the remainder when 905 is divided by v?
60
Let l = 10167 - 10142. Calculate the remainder when 938 is divided by l.
13
Let c(a) = 26*a**3 + 17*a**2 + 45*a + 4. Let i be c(-3). Calculate the remainder when (-6)/(-10)*i/(-12) is divided by 7*(-2)/2*-1.
6
Let w(p) = p**3 + 28*p**2 + 152*p + 107. Calculate the remainder when 694 is divided by w(-8).
10
Let p be 2 + (-2 - 2) - (-9 - -2). Suppose -4*y = -21 + p. Suppose 0 = -4*a - 4*j - 9 + 81, 5*a = y*j + 45. Calculate the remainder when 76 is divided by a.
11
Suppose -174*g + 242*g - 2312 = 0. What is the remainder when 667 is divided by g?
21
Let f = 60 + -57. Let b = 72 - f. Let s = b + -41. What is the remainder when 80 is 